 = -s - n*s + r. What are the prime factors of s?
7
Let u be 12/66 - (-128)/22. Suppose -u*j + 3*j = -24. What are the prime factors of j?
2
Let w(o) = 10*o**2 + o + 1. List the prime factors of w(-2).
3, 13
Let w = 174 - 21. What are the prime factors of w?
3, 17
Let q(p) = -p**3 + 6*p**2 + p + 1. Let i be q(6). Let o = i - 15. List the prime factors of 1/(-1) - (1 + o).
2, 3
Let g = -252 + 156. Let m = -59 - g. List the prime factors of m.
37
Let o be 96/(-9) - (-4)/6. Let t be (-5)/(-1)*12/o. Let g = -1 - t. What are the prime factors of g?
5
Let u(h) = h**2 + 15*h + 22. List the prime factors of u(-18).
2, 19
Suppose -300 + 7 = -3*l + 2*b, 5*b + 287 = 3*l. Suppose 171 = 5*m - l. Suppose 0 = 4*n - n - m. List the prime factors of n.
2, 3
Let c(o) = o + 13. Let v(y) = 1. Let f(u) = c(u) - v(u). What are the prime factors of f(0)?
2, 3
Let t(l) = -6. Let r(s) = s - 19. Let x(m) = 3*r(m) - 8*t(m). List the prime factors of x(7).
2, 3
Let h be (10/5)/(2/3). Let m = h - 2. Suppose -7 = -r - m. What are the prime factors of r?
2, 3
Suppose 4*g - 225 - 15 = 0. What are the prime factors of g?
2, 3, 5
Suppose 3*a - 4*a - 12 = 0. Let y = a + 20. Let o(w) = -w**3 + 7*w**2 + 10*w - 9. What are the prime factors of o(y)?
7
What are the prime factors of (-18)/81 - (-497)/9?
5, 11
Let x(k) = 20*k + 16. What are the prime factors of x(8)?
2, 11
Let v(p) = 2*p**2 + 4*p - 2. List the prime factors of v(4).
2, 23
Let x(s) be the third derivative of -5*s**4/12 - 5*s**2. What are the prime factors of x(-1)?
2, 5
Let o be (24/(-9))/(4/(-6)). Suppose o*p - 28 = 36. List the prime factors of p.
2
Let o = -6 - -9. Suppose o*w = 2*t + 37, -3*t - 77 = -4*w - 26. What are the prime factors of w?
3
Let a(f) be the third derivative of -1/24*f**4 + 0*f + 11/6*f**3 + 0 + f**2. List the prime factors of a(9).
2
Let m be (-46)/(-14) - 6/21. Suppose 0*s - s + 3 = i, -3*s + m*i = -3. What are the prime factors of s?
2
Suppose 0 = -x + 22 + 9. What are the prime factors of x?
31
Suppose -f + 4*a = 5, -a - 12 + 2 = -4*f. Let c(x) = x**2 + 3 - 1 + x**2 - f*x. What are the prime factors of c(2)?
2
What are the prime factors of (0 - -94)/2 - -4?
3, 17
Let d(a) = 19*a**2 + 2*a + 1. Let x be d(-1). Suppose -x + 3 = -5*r. Suppose -2*f - v + 22 = 0, 0 = 2*f - r*v + v - 16. List the prime factors of f.
2, 5
Suppose 5*x + 64 = 4*g - 5*g, 2*x - 4*g + 8 = 0. Let c be -6*3/x*4. List the prime factors of (-2)/c + 32/6.
5
Suppose -u - 3*u - w + 439 = 0, -421 = -4*u + 5*w. What are the prime factors of u?
109
Suppose -3*x = 1 - 4. Let b = x + -1. What are the prime factors of (b + -1)*77/(-7)?
11
Suppose 0 = -4*c - 4*l + 8, 2*c - 14 = 3*l - 0*l. Suppose -c*t = -9 + 1. Suppose o - 5*p = -3, -o = -2*o + t*p + 3. List the prime factors of o.
7
Suppose 18 = 2*d - 2. Suppose -17 = 5*g + 3, -d = 5*y + 5*g. Suppose -y*c + 0*c = -z - 26, -2*z = -3*c + 40. List the prime factors of c.
2, 3
Suppose v + 0 = -7. Let b(z) = z**2 + 5*z + 7. What are the prime factors of b(v)?
3, 7
Let z = -37 - -68. Suppose z + 14 = 3*l. What are the prime factors of l?
3, 5
Suppose 4*x + 12 + 4 = 0, 24 = 4*s - x. Suppose 5*c - 75 = -0*t - 4*t, s*t = 2*c + 102. Let f = t + -14. List the prime factors of f.
2, 3
Suppose 254 = 3*z - 5*m, 0*m - 4*m + 8 = 0. List the prime factors of z.
2, 11
Let p(y) = y**3 + 4*y**2 + y + 3. Let g be -1 + -2 - 0/1. Let t be p(g). Suppose 5*k + t = -r, -2*r - 2*r + 12 = 4*k. What are the prime factors of r?
2, 3
Suppose -26 = 2*s + 4*p, 0*p - 5 = 5*p. Let f = 14 - 20. Let h = f - s. List the prime factors of h.
5
Suppose 2*d - o + 535 = 5*d, 4*d = -3*o + 705. What are the prime factors of d?
2, 3, 5
Let c(a) = -a**3 + a**2 - a - 1. List the prime factors of c(-1).
2
Suppose 6*z - 4*z = 116. List the prime factors of z.
2, 29
Suppose -z - 1 + 28 = 0. Let j(d) = d**2 - 5*d + 4. Let n be j(7). Let y = z - n. What are the prime factors of y?
3
Let z be 40 - (-1 + -3) - 2. Suppose -z + 180 = 6*x. List the prime factors of x.
23
Let t(s) be the second derivative of s**4/6 - s**3/6 + s**2/2 - 3*s. What are the prime factors of t(3)?
2
Let u(o) = -o**3 + o**2 + 5*o - 2. Let d be (0 - 1)*3/(-1). Let i be u(d). Let s = i + 14. What are the prime factors of s?
3
Let s be (-20)/(-8) - (-2)/(-4). Let r = -119 - -191. Suppose 2*p + s*p - r = 0. List the prime factors of p.
2, 3
Let x = -19 + 19. Suppose x*o + 152 = 4*o. What are the prime factors of o?
2, 19
Suppose -4*s - 9 = 3. List the prime factors of (7 + (-3 - s))*1.
7
List the prime factors of (-1 + 4 - 0)*(-266)/(-3).
2, 7, 19
Suppose 28 = 5*v - 5*q - 7, -5*v + 11 = q. Suppose -13 - v = -m. What are the prime factors of m?
2
Let h be 52/14 + (-4)/(-14). Let p be (-1*1)/(h/36). Let s(q) = -q**3 - 10*q**2 - 10*q - 2. What are the prime factors of s(p)?
7
Let c(n) = -n + 3. Let a be c(3). Suppose k = -4*k, -2*r + 2*k + 16 = a. What are the prime factors of r?
2
Let a(z) = z**3 + z**2. Let w be a(0). Suppose 18 = 3*d - 3*o - w*o, 0 = -3*o - 9. What are the prime factors of d?
3
What are the prime factors of 0 + 2/6 - 6291/(-81)?
2, 3, 13
List the prime factors of 6/(-9)*(-387)/6.
43
Let t(n) = -n**3 - 13*n**2 + 14*n - 3. Let p be t(-14). Let v(x) = -3*x + 6. List the prime factors of v(p).
3, 5
List the prime factors of ((-12)/8)/(194/200 + -1).
2, 5
Suppose 3*u = -3*d - 0*u + 12, -d + 5*u = -28. Let j = -5 + d. What are the prime factors of j?
3
Suppose 0*z + 5*z + 5*n = 35, -2*n + 6 = -2*z. Suppose 3*r - 35 = -z*s, 0 = 2*s - 5*r - 17 - 10. List the prime factors of s.
2
Suppose 2*j - 3*u + 5 = 12, -u - 21 = -3*j. Let x = -3 + j. Suppose -x*i = -5*y + 80, 7*y + 2*i - 70 = 3*y. List the prime factors of y.
17
Let o = 255 - 104. List the prime factors of o.
151
Suppose 1297 = 10*q - 1793. What are the prime factors of q?
3, 103
Suppose -b - 55 = 4*z, -2 = 2*b + 4. Let q = z + 25. List the prime factors of q.
2, 3
Let m = -4 - -8. Suppose 4*c - 59 = -5*i + 26, m*i = -5*c + 77. What are the prime factors of i?
13
Let w = -55 - -102. Let l = -10 + w. List the prime factors of l.
37
Let u = 269 + -168. What are the prime factors of u?
101
Let n = -14 + 36. List the prime factors of n.
2, 11
Let k = -103 - -155. What are the prime factors of k?
2, 13
Suppose -3*n + 2*o = -0 - 3, -2 = -2*n + 4*o. Let p(g) = 2*g**3 + g**2 - g + 1. Let v be p(n). Suppose v = 5*j - 22. List the prime factors of j.
5
Let w = 12 + -6. Let q = 1 - 1. Suppose q = -2*m + m + w. List the prime factors of m.
2, 3
What are the prime factors of -85*((-122)/30 + 7/(-21))?
2, 11, 17
Let s = 63 + -19. What are the prime factors of s?
2, 11
Let u = 123 + -80. What are the prime factors of u?
43
Let p(r) = 16*r - 1. What are the prime factors of p(1)?
3, 5
Let k(g) = -g**2 + 13*g. Let a be k(12). Let d(s) = s + 8. List the prime factors of d(a).
2, 5
Let k = -14 + 21. Let f(a) = 4*a - 7. Let p be f(k). Suppose 5*m = -2*h + 13, h - p = -h + 3*m. What are the prime factors of h?
3
Let s(x) = x**3 + 6*x**2 + 1 + x - 8*x**2 - 1 + 1. What are the prime factors of s(2)?
3
Suppose 24 = -2*h - 2*h. List the prime factors of 0 + 1/((-2)/h).
3
Let j(g) = 10*g - 6. Let y be -3*(-1)/(3 - 2). List the prime factors of j(y).
2, 3
Let x(w) = w**3 + 4*w**2 + 4*w + 3. Let m(q) = q**3 + 8*q**2 + 6*q - 9. Let v be m(-7). Let b be x(v). Suppose d = b - 0. List the prime factors of d.
3
Suppose 118 = 3*s + 2*m, -2*s - m = -6*m - 47. Let p be 1*5*(-14)/(-35). Suppose -s = -2*h - p*h. What are the prime factors of h?
3
Let f be 1*2*(-9)/6. Let t = f - -23. What are the prime factors of t?
2, 5
Suppose 2*c + 2 = -4*u, 3*u - 2*c + 0*c - 16 = 0. Suppose 0 = u*f - f + 3. Let m = f - -8. What are the prime factors of m?
5
Let a(o) = -o**3 - 4*o**2 - 3*o + 3. Let h(d) = d**2 - 12*d + 16. Let t be h(10). List the prime factors of a(t).
3, 5
Suppose 4*m = 3*d - 37, -5*m + 4*m + 10 = 2*d. List the prime factors of d.
7
Suppose -3*v + 3*l - 3 = -0, -4*l = v + 11. What are the prime factors of (v/(-5))/((-9)/(-90))?
2, 3
Suppose 0 = -5*g + 14 + 6. Let o be (g + -3)/(2/48). Suppose 3*l + q = -0*l + o, 2*q = 0. List the prime factors of l.
2
Suppose 3 = 2*d + 1. Let a be d/(2/(-36)*-1). Suppose -v = 2*p - a, -4*p = -v - 5*p + 14. What are the prime factors of v?
2, 5
Let q(z) = -2*z - 5. Let o be q(-4). Suppose -o*l = -42 